hat is the remainder when 65 is divided by 38?
27
Calculate the remainder when 727 is divided by 52.
51
Calculate the remainder when 99 is divided by 11.
0
Calculate the remainder when 782 is divided by 56.
54
What is the remainder when 207 is divided by 106?
101
What is the remainder when 1586 is divided by 5?
1
What is the remainder when 132 is divided by 35?
27
What is the remainder when 219 is divided by 11?
10
Calculate the remainder when 97 is divided by 1.
0
What is the remainder when 477 is divided by 475?
2
What is the remainder when 55 is divided by 21?
13
What is the remainder when 207 is divided by 35?
32
Calculate the remainder when 166 is divided by 85.
81
What is the remainder when 283 is divided by 73?
64
Calculate the remainder when 186 is divided by 26.
4
What is the remainder when 8186 is divided by 182?
178
What is the remainder when 146 is divided by 68?
10
What is the remainder when 133 is divided by 37?
22
Calculate the remainder when 13956 is divided by 99.
96
Calculate the remainder when 151 is divided by 64.
23
Calculate the remainder when 7516 is divided by 21.
19
What is the remainder when 92 is divided by 26?
14
Calculate the remainder when 11339 is divided by 162.
161
Calculate the remainder when 305 is divided by 85.
50
Calculate the remainder when 536 is divided by 184.
168
Calculate the remainder when 1634 is divided by 15.
14
What is the remainder when 271 is divided by 62?
23
What is the remainder when 199 is divided by 44?
23
What is the remainder when 279 is divided by 12?
3
Calculate the remainder when 492 is divided by 4.
0
What is the remainder when 19 is divided by 4?
3
What is the remainder when 1099 is divided by 110?
109
Calculate the remainder when 189 is divided by 33.
24
Calculate the remainder when 14 is divided by 1.
0
Calculate the remainder when 92 is divided by 24.
20
What is the remainder when 940 is divided by 27?
22
What is the remainder when 637 is divided by 107?
102
What is the remainder when 47 is divided by 17?
13
What is the remainder when 57 is divided by 11?
2
What is the remainder when 147 is divided by 30?
27
What is the remainder when 235 is divided by 144?
91
Calculate the remainder when 300 is divided by 74.
4
What is the remainder when 1354 is divided by 113?
111
Calculate the remainder when 108 is divided by 13.
4
Calculate the remainder when 978 is divided by 75.
3
Calculate the remainder when 1647 is divided by 87.
81
Calculate the remainder when 477 is divided by 24.
21
What is the remainder when 237 is divided by 159?
78
Calculate the remainder when 11767 is divided by 110.
107
Calculate the remainder when 162 is divided by 150.
12
Calculate the remainder when 18861 is divided by 18.
15
Calculate the remainder when 207 is divided by 8.
7
What is the remainder when 222 is divided by 93?
36
Calculate the remainder when 1864 is divided by 190.
154
What is the remainder when 900 is divided by 113?
109
What is the remainder when 2903 is divided by 132?
131
Calculate the remainder when 185 is divided by 22.
9
Calculate the remainder when 237 is divided by 70.
27
Calculate the remainder when 940 is divided by 75.
40
Calculate the remainder when 2493 is divided by 206.
21
Calculate the remainder when 491 is divided by 15.
11
Calculate the remainder when 288 is divided by 42.
36
Calculate the remainder when 54 is divided by 13.
2
What is the remainder when 1741 is divided by 108?
13
Calculate the remainder when 174 is divided by 81.
12
What is the remainder when 29 is divided by 19?
10
Calculate the remainder when 114 is divided by 95.
19
What is the remainder when 4726 is divided by 110?
106
What is the remainder when 4 is divided by 2?
0
Calculate the remainder when 622 is divided by 24.
22
What is the remainder when 595 is divided by 28?
7
Calculate the remainder when 82 is divided by 29.
24
What is the remainder when 1015 is divided by 17?
12
What is the remainder when 1832 is divided by 108?
104
Calculate the remainder when 110 is divided by 38.
34
What is the remainder when 38 is divided by 9?
2
Calculate the remainder when 75 is divided by 26.
23
What is the remainder when 18249 is divided by 27?
24
What is the remainder when 22779 is divided by 34?
33
What is the remainder when 105 is divided by 32?
9
Calculate the remainder when 923 is divided by 84.
83
Calculate the remainder when 203 is divided by 79.
45
What is the remainder when 297 is divided by 6?
3
What is the remainder when 445 is divided by 30?
25
Calculate the remainder when 307 is divided by 44.
43
Calculate the remainder when 80 is divided by 26.
2
What is the remainder when 33 is divided by 19?
14
What is the remainder when 195 is divided by 22?
19
Calculate the remainder when 531 is divided by 87.
9
Calculate the remainder when 369 is divided by 5.
4
Calculate the remainder when 3049 is divided by 603.
34
Calculate the remainder when 530 is divided by 14.
12
What is the remainder when 19045 is divided by 89?
88
What is the remainder when 79 is divided by 34?
11
What is the remainder when 2754 is divided by 917?
3
What is the remainder when 83 is divided by 64?
19
Calculate the remainder when 584 is divided by 84.
80
Calculate the remainder when 205 is divided by 13.
10
What is the remainder when 234 is divided by 59?
57
Calculate the remainder when 79 is divided by 23.
10
Calculate the remainder when 1195 is divided by 714.
481
What is the remainder when 487 is divided by 64?
39
What is the remainder when 208 is divided by 15?
13
Calculate the remainder when 895 is divided by 231.
202
Calculate the remainder when 1529 is divided by 55.
44
What is the remainder when 18617 is divided by 38?
35
Calculate the remainder when 625 is divided by 32.
17
What is the remainder when 1017 is divided by 18?
9
What is the remainder when 1270 is divided by 10?
0
What is the remainder when 839 is divided by 30?
29
What is the remainder when 13198 is divided by 66?
64
What is the remainder when 75 is divided by 45?
30
What is the remainder when 1249 is divided by 9?
7
What is the remainder when 2340 is divided by 11?
8
Calculate the remainder when 34 is divided by 5.
4
What is the remainder when 46 is divided by 30?
16
Calculate the remainder when 15478 is divided by 72.
70
What is the remainder when 463 is divided by 237?
226
Calculate the remainder when 369 is divided by 102.
63
What is the remainder when 838 is divided by 30?
28
Calculate the remainder when 120 is divided by 24.
0
Calculate the remainder when 473 is divided by 34.
31
What is the remainder when 246 is divided by 121?
4
Calculate the remainder when 213 is divided by 113.
100
Calculate the remainder when 623 is divided by 57.
53
What is the remainder when 949 is divided by 14?
11
What is the remainder when 2026 is divided by 12?
10
What is the remainder when 1508 is divided by 89?
84
What is the remainder when 164 is divided by 148?
16
Calculate the remainder when 985 is divided by 21.
19
Calculate the remainder when 555 is divided by 28.
23
Calculate the remainder when 426 is divided by 74.
56
What is the remainder when 2 is divided by 2?
0
Calculate the remainder when 319 is divided by 107.
105
Calculate the remainder when 85 is divided by 42.
1
What is the remainder when 49 is divided by 7?
0
What is the remainder when 1406 is divided by 236?
226
Calculate the remainder when 1347 is divided by 18.
15
Calculate the remainder when 42 is divided by 24.
18
What is the remainder when 252 is divided by 40?
12
What is the remainder when 1707 is divided by 61?
60
Calculate the remainder when 944 is divided by 452.
40
Calculate the remainder when 3720 is divided by 54.
48
What is the remainder when 301 is divided by 50?
1
Calculate the remainder when 214 is divided by 54.
52
Calculate the remainder when 201 is divided by 70.
61
Calculate the remainder when 64 is divided by 18.
10
What is the remainder when 43 is divided by 29?
14
Calculate the remainder when 41999 is divided by 56.
55
Calculate the remainder when 363 is divided by 109.
36
Calculate the remainder when 421 is divided by 140.
1
What is the remainder when 252 is divided by 32?
28
What is the remainder when 83 is divided by 19?
7
Calculate the remainder when 1457 is divided by 18.
17
Calculate the